e factors of q/2*1*2?
3, 5
Let v = -286 - -290. Suppose 7*d - 2296 = 3*d + 2*p, -d + v*p = -588. List the prime factors of d.
2, 11, 13
Let f(u) be the third derivative of -u**4/24 - 14*u**3 + 23*u**2. Let a be f(-17). Let i = 20 - a. List the prime factors of i.
3, 29
Suppose h = 3*v - 439, -2*v - 5*h = -0*h - 270. Suppose -4*t = -v + 49. Suppose 16*n - t = 13*n. What are the prime factors of n?
2
Suppose 2*m + 4*f - 13192 = 0, 7*m - 19772 = 4*m - 2*f. List the prime factors of m.
2, 3, 61
Suppose 2*g + 12 = 2*m - g, 5*g = m - 20. Suppose m = 2*s + 2*n - 0*n - 16, -5*s + 5*n + 20 = 0. Suppose s*v - 515 = v. What are the prime factors of v?
103
Let k = 3875 + -2455. List the prime factors of (-2 - k/15)*-3.
2, 5, 29
Suppose -46*v = -79096 - 793708. What are the prime factors of v?
2, 53, 179
Let l(c) = -490*c. Let j be l(-4). Suppose 2*k - 3*m = -2*k + j, -3*m = -12. What are the prime factors of k?
17, 29
Let y = 752 - -131. Suppose -7*n + 8*n - m - y = 0, -m = 2*n - 1772. What are the prime factors of n?
3, 5, 59
Let n(j) = -3*j - 60. Let c be n(-21). Suppose -2*g + 3*g = c*d + 1181, -4*d = 4*g - 4692. Suppose -m = -6*m + g. List the prime factors of m.
5, 47
Suppose -14*z + 2*p + 370454 = 0, -12*p + 52913 = 2*z - 11*p. What are the prime factors of z?
2, 3, 5, 7
Suppose -6*f + 2*f - 400 = 0. Let n = f + 103. Suppose 5*y = -4*d + 338, 7*y + n*d - 270 = 3*y. What are the prime factors of y?
2, 3, 11
Suppose 4*b = 8, -5*t = -b - 17137 - 2476. List the prime factors of t.
3923
Let x(t) = 2*t**2 - 64*t + 65. Let z be x(31). Suppose 3*m + z*w - 1569 = 0, -2*w + 1277 = 4*m - 805. What are the prime factors of m?
2, 7, 37
Suppose 6*i - 327711 = -5*v + 3*i, 0 = v + 2*i - 65538. List the prime factors of v.
2, 3, 2731
Let s(c) = -26*c + 21. Let r = 351 - 364. List the prime factors of s(r).
359
Let r = 1474 - -34670. What are the prime factors of r?
2, 3, 251
Let k = -15 + 18. Let h be 34*-9*k/(-18). Suppose -5*y + 2*y = -h. List the prime factors of y.
17
Let q = 119874 + -64110. What are the prime factors of q?
2, 3, 1549
Let k = 1633 + 492. List the prime factors of k.
5, 17
Let v be 5/(-1)*6/(-10) + 1. Suppose 3*m = c - 251, -4*m = v*c + 447 - 107. Let d = m + 88. List the prime factors of d.
2
Let s(m) = 11*m - 6. Let g = 8 + -7. Let j be s(g). Suppose -218 = -2*p + j*h, -p + 91 = -2*h + 4*h. List the prime factors of p.
3, 11
Suppose -4*u + 149621 = -o, 5*u + 295*o - 293*o = 187010. List the prime factors of u.
2, 3, 1039
Let q = 2154 + -1374. Let v be (132/(-9) - 0)*q/(-8). Suppose -7*n = -v + 359. What are the prime factors of n?
3, 17
Let r be (-1 - 84)*(-1)/1. Suppose 231 = -10*c - 5*c + 2061. Let n = c - r. List the prime factors of n.
37
Let y(s) = 4*s - 64. Let v be y(17). What are the prime factors of -5*(2514/6)/((-10)/v)?
2, 419
Let m = 835 + 10365. What are the prime factors of m?
2, 5, 7
Let p = -7620 + 9429. What are the prime factors of p?
3, 67
Suppose -71 = 7*q + 69. What are the prime factors of 3 + (433 - 5/(q/(-12)))?
433
Let r = -13628 - -9708. Let k = -2083 - r. List the prime factors of k.
11, 167
Let v be (-319 - -4)*(-6)/15. List the prime factors of (-3)/(-2)*48720/v.
2, 5, 29
Let q be ((-4)/(-12))/(-1 - (-86)/87). Let l = q - -32. Suppose -l*p = -0*p - 348. What are the prime factors of p?
2, 29
Let b = 263 - -265. List the prime factors of b.
2, 3, 11
Let y = 420 + -210. Let k = -240 + 240. Suppose 3*a = -15, 5*q + 4*a - 90 - y = k. List the prime factors of q.
2
Let q(g) = -4*g**2 + 44*g + 8. Let z be q(10). Let f = 0 - z. List the prime factors of (f/60)/(1/(-5)).
2
Let g = -36 + 38. Suppose 0 = -0*x - g*x. What are the prime factors of 3/1 + (1 - x)*17?
2, 5
Suppose 2*f = -l + 4846, l = 4*f - 1879 + 6743. List the prime factors of l.
2, 1213
Let b(g) = -12. Let o(d) = -d - 12. Let y(l) = -2*b(l) + 3*o(l). Suppose -17*h + 591 - 778 = 0. What are the prime factors of y(h)?
3, 7
Let n(y) = 58 + 1246*y**3 + 3*y + 22 - 83 - 2*y**2. List the prime factors of n(1).
2, 311
Suppose 8*v - 102 = -294. Let h be 1*-1 + 129 + v. Suppose 0*s = 2*s - h. List the prime factors of s.
2, 13
Suppose 0*w = 15*w + 75. Let q(b) = 2*b**2 + b + 28. What are the prime factors of q(w)?
73
Suppose 2*d - 10 + 2 = 0. Suppose -5*m + 4 = -s, -d*m + 0*m = -4*s - 16. List the prime factors of (2/(-6))/(6/(-954) + m).
53
Suppose -4*y = 5*h - 6*y - 48, 5*y = 5. Suppose -5*b + 10*b = 0. Suppose -h*k + b*k = -540. List the prime factors of k.
2, 3
Let r be (144/(-24))/(((-9)/2)/3). Let m be r/(-14) + 9690/105. Suppose -5*g = -m - 123. List the prime factors of g.
43
Let x be 1 + 0 + (-32)/(6/3). Let o = 50 + x. Suppose -o*k = -38*k + 180. What are the prime factors of k?
2, 3, 5
Suppose r = 3*b - 13563, 0 = -140*b + 138*b - 5*r + 9042. List the prime factors of b.
3, 11, 137
Suppose 5*w - 14 = t, -5*t - 5*w + 4*w - 96 = 0. List the prime factors of -1*t/(114/5508).
2, 3, 17
Let u(i) = -662*i**2 - 21*i + 27. Let x(f) = 664*f**2 + 20*f - 28. Let r(w) = -5*u(w) - 4*x(w). What are the prime factors of r(1)?
2, 41
Suppose 2*r + 2 = 0, -136*d - 91401 = -138*d - r. List the prime factors of d.
23, 1987
What are the prime factors of ((-142)/(-5))/(51/41565) - 0?
2, 71, 163
Let p(y) = -2*y**2 + 21*y - 35. Let s be p(8). Suppose s*z + 0*f = 4*f + 3275, -5*z + 2*f + 3265 = 0. List the prime factors of z.
3, 7, 31
Let t = 30170 - 21492. List the prime factors of t.
2, 4339
Suppose 54*n - 19538 - 32140 = 0. Suppose 4*j - 5*j = -n. What are the prime factors of j?
3, 11, 29
Let b be ((-4)/(-10))/(6/15). Suppose b - 6 = -5*p, 5*t = -5*p + 1345. Suppose t = i + 4*n, -2*i = 3*i + 4*n - 1372. List the prime factors of i.
2, 3, 23
Let v(w) = 1061*w + 2111. What are the prime factors of v(8)?
3, 3533
Let c = 20197 + -11881. What are the prime factors of c?
2, 3, 7, 11
Suppose -l = 36*l - 116402. List the prime factors of l.
2, 11, 13
Suppose -8*p + 5*a = -5*p - 183654, 3*p + a = 183636. List the prime factors of p.
41, 1493
List the prime factors of 2 - -1 - (58755/(-7) + (-6)/14).
3, 311
Let g(f) = -f**3 + 11*f**2 - 9*f - 8. Let v be g(10). What are the prime factors of (-8)/v + 955 + -4?
947
Let u be 2/(-11) - (-55315)/(-143). Let n = 789 + u. What are the prime factors of n?
2, 3, 67
Suppose -w = -4, 168 = 3*l - 2*w - 211. Let c = -527 - -753. Let i = c - l. What are the prime factors of i?
97
What are the prime factors of 13068 + (25 + (-2263)/93)/(1/6)?
2, 19, 43
Let a = 781 - 1598. Let q = a - -1238. List the prime factors of q.
421
Suppose -96*x + 134688 = -1449024. List the prime factors of x.
3, 13, 47
Suppose 0 = 3*c + 5*y + 137, 0 = 25*y - 26*y - 1. Let j(z) = z**2 - 5*z - 3. Let l be j(6). List the prime factors of c/l*(-147)/7.
2, 7, 11
Let w = 16414 - 12161. What are the prime factors of w?
4253
Let v be (-57 + 52)*(-1460)/2. Suppose 730 = u - 5*d, 0 = 6*u - u + 2*d - v. What are the prime factors of u?
2, 5, 73
Let z = 19658 - -1343. List the prime factors of z.
21001
Let x(b) = -8*b**3 - b**2 - 3*b - 3. Suppose 20 = -9*f + 14*f. Suppose -u = -3*u - f. What are the prime factors of x(u)?
3, 7
What are the prime factors of 80/(-24)*(-239490)/12 + 1*4?
66529
Let h = 631 - -2001. Suppose 106*x + h = 120*x. What are the prime factors of x?
2, 47
Let f(g) = -3*g + 10. Let s be f(2). Suppose 4*q + 3*k = 73 + 88, 0 = 5*q + s*k - 202. List the prime factors of q.
2, 19
Let z = -151 - -4447. List the prime factors of z.
2, 3, 179
Let o(m) be the third derivative of -m**4/12 + 5*m**3/2 - 23*m**2. Let p be o(18). Let w = p + 42. List the prime factors of w.
3, 7
Suppose 0 = 2*h - 5*x - 1083, -4*h + 2*x + 690 = -1516. Suppose -t = -4*c - h, t - 222 = -4*c + 356. List the prime factors of t.
2, 283
Let k be ((-24)/(-15))/(2/5). Let y be (-2)/(k - 184/44). Suppose 15*p - y*p = 156. What are the prime factors of p?
3, 13
Let t(b) = -1710*b + 755. What are the prime factors of t(-5)?
5, 1861
Let z = 1670 - -810. Suppose 9*f = -11*f + z. List the prime factors of f.
2, 31
Suppose s - 3*f = 407, -7*s = -12*s - f + 2051. Suppose 8344 = -s*t + 417*t. List the prime factors of t.
2, 149
Let g(r) = 2*r**2 - 4*r + 3. Let j(b) = b**2 - 11*b + 13. Let h(o) = o**3 + 5*o**2 + 4*o + 3. Let a be h(-3). Let m be j(a). List the prime factors of g(m).
73
Suppose -6*u - 22109 = -21*u 